{"id":327,"date":"2019-02-02T14:22:30","date_gmt":"2019-02-02T13:22:30","guid":{"rendered":"https:\/\/www.hp-design.at\/welfare\/?page_id=327"},"modified":"2021-06-18T13:07:54","modified_gmt":"2021-06-18T11:07:54","slug":"faq","status":"publish","type":"page","link":"https:\/\/www.palpung.eu\/welfare\/faq\/","title":{"rendered":"FAQ"},"content":{"rendered":"\n<style type=\"text\/css\" data-created_by=\"avia_inline_auto\" id=\"style-css-av-a12pj-d025db36913ca3aa4f8086ad560e2810\">\n#top .av-special-heading.av-a12pj-d025db36913ca3aa4f8086ad560e2810{\npadding-bottom:10px;\n}\nbody .av-special-heading.av-a12pj-d025db36913ca3aa4f8086ad560e2810 .av-special-heading-tag .heading-char{\nfont-size:25px;\n}\n.av-special-heading.av-a12pj-d025db36913ca3aa4f8086ad560e2810 .av-subheading{\nfont-size:15px;\n}\n<\/style>\n<div  class='av-special-heading av-a12pj-d025db36913ca3aa4f8086ad560e2810 av-special-heading-h3  avia-builder-el-0  el_before_av_image  avia-builder-el-first  av-linked-heading'><h3 class='av-special-heading-tag '  itemprop=\"headline\"  >H\u00e4ufig gestellte Fragen<\/h3><div class=\"special-heading-border\"><div class=\"special-heading-inner-border\"><\/div><\/div><\/div>\n\n<style type=\"text\/css\" data-created_by=\"avia_inline_auto\" id=\"style-css-av-jrqlsaqn-23e0219825ee43ee01afe3eeedb24932\">\n.avia-image-container.av-jrqlsaqn-23e0219825ee43ee01afe3eeedb24932 img.avia_image{\nbox-shadow:none;\n}\n.avia-image-container.av-jrqlsaqn-23e0219825ee43ee01afe3eeedb24932 .av-image-caption-overlay-center{\ncolor:#ffffff;\n}\n<\/style>\n<div  class='avia-image-container av-jrqlsaqn-23e0219825ee43ee01afe3eeedb24932 av-styling- avia-align-center  avia-builder-el-1  el_after_av_heading  el_before_av_textblock '   itemprop=\"image\" itemscope=\"itemscope\" itemtype=\"https:\/\/schema.org\/ImageObject\" ><div class=\"avia-image-container-inner\"><div class=\"avia-image-overlay-wrap\"><img decoding=\"async\" fetchpriority=\"high\" class='wp-image-1056 avia-img-lazy-loading-not-1056 avia_image ' src=\"https:\/\/www.palpung.eu\/welfare\/wp-content\/uploads\/2019\/07\/paleukatze6-1.jpg\" alt='' title='paleukatze6'  height=\"500\" width=\"750\"  itemprop=\"thumbnailUrl\" srcset=\"https:\/\/www.palpung.eu\/welfare\/wp-content\/uploads\/2019\/07\/paleukatze6-1.jpg 750w, https:\/\/www.palpung.eu\/welfare\/wp-content\/uploads\/2019\/07\/paleukatze6-1-300x200.jpg 300w, https:\/\/www.palpung.eu\/welfare\/wp-content\/uploads\/2019\/07\/paleukatze6-1-705x470.jpg 705w, https:\/\/www.palpung.eu\/welfare\/wp-content\/uploads\/2019\/07\/paleukatze6-1-450x300.jpg 450w\" sizes=\"(max-width: 750px) 100vw, 750px\" \/><\/div><\/div><\/div>\n<section  class='av_textblock_section av-jrnhy19c-da3aaa79297d993cae6232e15fd2506e '   itemscope=\"itemscope\" itemtype=\"https:\/\/schema.org\/CreativeWork\" ><div class='avia_textblock'  itemprop=\"text\" ><h4><img loading=\"lazy\" decoding=\"async\" class=\"alignleft size-medium wp-image-1135\" src=\"https:\/\/www.palpung.eu\/welfare\/wp-content\/uploads\/2019\/08\/paleu-katze-300x219.jpg\" alt=\"\" width=\"300\" height=\"219\" srcset=\"https:\/\/www.palpung.eu\/welfare\/wp-content\/uploads\/2019\/08\/paleu-katze-300x219.jpg 300w, https:\/\/www.palpung.eu\/welfare\/wp-content\/uploads\/2019\/08\/paleu-katze-705x515.jpg 705w, https:\/\/www.palpung.eu\/welfare\/wp-content\/uploads\/2019\/08\/paleu-katze-450x329.jpg 450w, https:\/\/www.palpung.eu\/welfare\/wp-content\/uploads\/2019\/08\/paleu-katze.jpg 750w\" sizes=\"auto, (max-width: 300px) 100vw, 300px\" \/><\/h4>\n<h4>Ist Palpung Europe Welfare ein eigenst\u00e4ndiger Verein?<\/h4>\n<p>Nein, Palpung Europe Welfare, kurz PEW, ist ein Arm der gemeinn\u00fctzigen Aktivit\u00e4ten von Palpung Europe und wird auch als solcher innerhalb des rechtlichen Rahmens von Palpung Europe administriert.<strong> In unserer Buchhaltung gibt es eine eigene Kostenstelle Welfare<\/strong>, um sicherzugehen, dass Ihre Unterst\u00fctzung ausschlie\u00dflich den Tieren zugute kommt.<\/p>\n<h4>Warum werde ich auf die Spendenseite von Palpung Europe weitergeleitet, wenn ich f\u00fcr die Tiere spenden m\u00f6chte?<\/h4>\n<p><img loading=\"lazy\" decoding=\"async\" class=\"size-medium wp-image-600 alignright\" src=\"https:\/\/www.palpung.eu\/welfare\/wp-content\/uploads\/2019\/02\/20180916_125015-1.jpg\" alt=\"\" width=\"300\" height=\"225\" \/>Weil PEW ein Teilbereich von Palpung Europe ist und obwohl gemeinsam administriert, in unserer Buchhaltung gesondert behandelt wird.\u00a0 Palpung Europe mit all seinen Teilbereichen wird aussschlie\u00dflich von Freiwilligen und Sch\u00fclern des Dharma admininstriert. Damit ist gew\u00e4hrleistet, dass <strong>Ihre Unterst\u00fctzung IMMER direkt in den Zweck flie\u00dft, den Sie untertst\u00fctzen m\u00f6chten.<\/strong><\/p>\n<h4>Wann endet eine Patenschaft?<\/h4>\n<p>Sie k\u00f6nnen Ihre Patenschaft jederzeit beenden, bitte senden Sie uns dazu eine kurze <a href=\"https:\/\/www.palpung.eu\/kontakt\/\">Nachricht<\/a>.<\/p>\n<\/div><\/section>\n<div  class='hr av-6v087-414b3cd736f2b6e5b3fd0f2c38ee5e28 hr-default  avia-builder-el-3  el_after_av_textblock  el_before_av_textblock '><span class='hr-inner '><span class=\"hr-inner-style\"><\/span><\/span><\/div>\n<section  class='av_textblock_section av-juu26vtk-114c94eca62e0b75eefd32396396d675 '   itemscope=\"itemscope\" itemtype=\"https:\/\/schema.org\/CreativeWork\" ><div class='avia_textblock'  itemprop=\"text\" ><h4>\u00a0<\/h4>\n<h4><img loading=\"lazy\" decoding=\"async\" class=\"size-medium wp-image-598 alignleft\" src=\"https:\/\/www.palpung.eu\/welfare\/wp-content\/uploads\/2019\/02\/20180525_183713-1.jpg\" alt=\"\" width=\"300\" height=\"225\" \/><\/h4>\n<h4>Kann ich mein Patentier besuchen?<\/h4>\n<p>Grunds\u00e4tzlich gerne, allerdings bitte um kurze <a href=\"\/kontakt\/\">Kontaktaufnahme<\/a> mit uns vorab, um den Klausurbetrieb des Hofes nicht zu st\u00f6ren. Bitte beachten Sie, dass von derzeit f\u00fcnfzehn Katzen nur drei zutraulich sind, alle anderen sind wild und halbwild und halten sich von Menschen fern.<\/p>\n<h4>\u00a0<\/h4>\n<h4>Welche Tiere nehmen wir auf?<\/h4>\n<p>Als Grundregel hat <a href=\"\/ueber-uns\/choeje-lama-palmo\/\"><strong>Ch\u00f6je Lama Palmo<\/strong><\/a> die Devise ausgegeben, dass wir jene Tiere aufnehmen, die aus b\u00e4uerlichen Verh\u00e4ltnissen kommen und die im normalen Adoptionsverfahren durch den Rost fallen und keine Chance auf Adoption haben w\u00fcrden, weil sie zu alt, behindert, beeintr\u00e4chigt, wild, halbwild und\/oder nicht an Menschen gew\u00f6hnt sind, etc. All unsere Katzen sind kastriert, um weiteres Leid zu verhindern. Der n\u00e4chste Schritt wird sein, &#8222;ausgedienten&#8220; landwirtschaftlichen Tieren ein neues Zuhause zu bieten, St\u00e4lle, etc. sind aber noch nicht geschaffen.<\/p>\n<h4>Wie funktioniert dieser Ort?<img loading=\"lazy\" decoding=\"async\" class=\"size-medium wp-image-1075 alignright\" src=\"https:\/\/www.palpung.eu\/welfare\/wp-content\/uploads\/2019\/07\/paleukatze-7a-300x198.jpg\" alt=\"\" width=\"300\" height=\"198\" srcset=\"https:\/\/www.palpung.eu\/welfare\/wp-content\/uploads\/2019\/07\/paleukatze-7a-300x198.jpg 300w, https:\/\/www.palpung.eu\/welfare\/wp-content\/uploads\/2019\/07\/paleukatze-7a-705x465.jpg 705w, https:\/\/www.palpung.eu\/welfare\/wp-content\/uploads\/2019\/07\/paleukatze-7a-450x297.jpg 450w, https:\/\/www.palpung.eu\/welfare\/wp-content\/uploads\/2019\/07\/paleukatze-7a.jpg 750w\" sizes=\"auto, (max-width: 300px) 100vw, 300px\" \/><\/h4>\n<p>Unser Platz ist kein Streichelzoo, in dem sich Tiere an ihre Menschen gew\u00f6hnen m\u00fcssen, sondern ein sicherer Ort, an dem jeder so leben kann, wie er oder sie gerne m\u00f6chte. Unsere Katzen bewegen sich frei in der Umgebung, werden zu regelm\u00e4\u00dfigen Zeiten gef\u00fcttert, wenn n\u00f6tig tier\u00e4rtzlich versorgt und k\u00f6nnen in W\u00fcrde, wie es ihnen beliebt, altern und friedlich, begleitet von Gebeten, von uns gehen.<\/p>\n<\/div><\/section>\n","protected":false},"excerpt":{"rendered":"","protected":false},"author":3,"featured_media":0,"parent":0,"menu_order":56,"comment_status":"closed","ping_status":"closed","template":"","meta":{"footnotes":""},"class_list":["post-327","page","type-page","status-publish","hentry"],"yoast_head":"<!-- This site is optimized with the Yoast SEO plugin v24.2 - https:\/\/yoast.com\/wordpress\/plugins\/seo\/ -->\n<title>FAQ - Palpung Europe<\/title>\n<meta name=\"robots\" content=\"index, follow, max-snippet:-1, max-image-preview:large, max-video-preview:-1\" \/>\n<link rel=\"canonical\" href=\"https:\/\/www.palpung.eu\/welfare\/faq\/\" \/>\n<meta property=\"og:locale\" content=\"de_DE\" \/>\n<meta property=\"og:type\" content=\"article\" \/>\n<meta property=\"og:title\" content=\"FAQ - Palpung Europe\" \/>\n<meta property=\"og:url\" content=\"https:\/\/www.palpung.eu\/welfare\/faq\/\" \/>\n<meta property=\"og:site_name\" content=\"Palpung Europe\" \/>\n<meta property=\"article:publisher\" content=\"https:\/\/www.facebook.com\/palpung.europe\" \/>\n<meta property=\"article:modified_time\" content=\"2021-06-18T11:07:54+00:00\" \/>\n<meta property=\"og:image\" content=\"https:\/\/www.palpung.eu\/welfare\/wp-content\/uploads\/2019\/07\/paleukatze6-1.jpg\" \/>\n\t<meta property=\"og:image:width\" content=\"750\" \/>\n\t<meta property=\"og:image:height\" content=\"500\" \/>\n\t<meta property=\"og:image:type\" content=\"image\/jpeg\" \/>\n<meta name=\"twitter:card\" content=\"summary_large_image\" \/>\n<meta name=\"twitter:label1\" content=\"Gesch\u00e4tzte Lesezeit\" \/>\n\t<meta name=\"twitter:data1\" content=\"3\u00a0Minuten\" \/>\n<script type=\"application\/ld+json\" class=\"yoast-schema-graph\">{\"@context\":\"https:\/\/schema.org\",\"@graph\":[{\"@type\":\"WebPage\",\"@id\":\"https:\/\/www.palpung.eu\/welfare\/faq\/\",\"url\":\"https:\/\/www.palpung.eu\/welfare\/faq\/\",\"name\":\"FAQ - Palpung Europe\",\"isPartOf\":{\"@id\":\"https:\/\/www.palpung.eu\/welfare\/#website\"},\"primaryImageOfPage\":{\"@id\":\"https:\/\/www.palpung.eu\/welfare\/faq\/#primaryimage\"},\"image\":{\"@id\":\"https:\/\/www.palpung.eu\/welfare\/faq\/#primaryimage\"},\"thumbnailUrl\":\"https:\/\/www.palpung.eu\/welfare\/wp-content\/uploads\/2019\/08\/paleu-katze-300x219.jpg\",\"datePublished\":\"2019-02-02T13:22:30+00:00\",\"dateModified\":\"2021-06-18T11:07:54+00:00\",\"breadcrumb\":{\"@id\":\"https:\/\/www.palpung.eu\/welfare\/faq\/#breadcrumb\"},\"inLanguage\":\"de\",\"potentialAction\":[{\"@type\":\"ReadAction\",\"target\":[\"https:\/\/www.palpung.eu\/welfare\/faq\/\"]}]},{\"@type\":\"ImageObject\",\"inLanguage\":\"de\",\"@id\":\"https:\/\/www.palpung.eu\/welfare\/faq\/#primaryimage\",\"url\":\"https:\/\/www.palpung.eu\/welfare\/wp-content\/uploads\/2019\/08\/paleu-katze.jpg\",\"contentUrl\":\"https:\/\/www.palpung.eu\/welfare\/wp-content\/uploads\/2019\/08\/paleu-katze.jpg\",\"width\":750,\"height\":548},{\"@type\":\"BreadcrumbList\",\"@id\":\"https:\/\/www.palpung.eu\/welfare\/faq\/#breadcrumb\",\"itemListElement\":[{\"@type\":\"ListItem\",\"position\":1,\"name\":\"Startseite\",\"item\":\"https:\/\/www.palpung.eu\/welfare\/\"},{\"@type\":\"ListItem\",\"position\":2,\"name\":\"FAQ\"}]},{\"@type\":\"WebSite\",\"@id\":\"https:\/\/www.palpung.eu\/welfare\/#website\",\"url\":\"https:\/\/www.palpung.eu\/welfare\/\",\"name\":\"Palpung Europe\",\"description\":\"\",\"publisher\":{\"@id\":\"https:\/\/www.palpung.eu\/welfare\/#organization\"},\"potentialAction\":[{\"@type\":\"SearchAction\",\"target\":{\"@type\":\"EntryPoint\",\"urlTemplate\":\"https:\/\/www.palpung.eu\/welfare\/?s={search_term_string}\"},\"query-input\":{\"@type\":\"PropertyValueSpecification\",\"valueRequired\":true,\"valueName\":\"search_term_string\"}}],\"inLanguage\":\"de\"},{\"@type\":\"Organization\",\"@id\":\"https:\/\/www.palpung.eu\/welfare\/#organization\",\"name\":\"Palpung Europe\",\"url\":\"https:\/\/www.palpung.eu\/welfare\/\",\"logo\":{\"@type\":\"ImageObject\",\"inLanguage\":\"de\",\"@id\":\"https:\/\/www.palpung.eu\/welfare\/#\/schema\/logo\/image\/\",\"url\":\"https:\/\/www.palpung.eu\/welfare\/wp-content\/uploads\/2019\/11\/Purkersdorf.jpg\",\"contentUrl\":\"https:\/\/www.palpung.eu\/welfare\/wp-content\/uploads\/2019\/11\/Purkersdorf.jpg\",\"width\":600,\"height\":400,\"caption\":\"Palpung Europe\"},\"image\":{\"@id\":\"https:\/\/www.palpung.eu\/welfare\/#\/schema\/logo\/image\/\"},\"sameAs\":[\"https:\/\/www.facebook.com\/palpung.europe\",\"https:\/\/www.instagram.com\/palpungeurope\/\",\"https:\/\/www.youtube.com\/user\/PalpungEurope\"]}]}<\/script>\n<!-- \/ Yoast SEO plugin. -->","yoast_head_json":{"title":"FAQ - Palpung Europe","robots":{"index":"index","follow":"follow","max-snippet":"max-snippet:-1","max-image-preview":"max-image-preview:large","max-video-preview":"max-video-preview:-1"},"canonical":"https:\/\/www.palpung.eu\/welfare\/faq\/","og_locale":"de_DE","og_type":"article","og_title":"FAQ - Palpung Europe","og_url":"https:\/\/www.palpung.eu\/welfare\/faq\/","og_site_name":"Palpung Europe","article_publisher":"https:\/\/www.facebook.com\/palpung.europe","article_modified_time":"2021-06-18T11:07:54+00:00","og_image":[{"width":750,"height":500,"url":"https:\/\/www.palpung.eu\/welfare\/wp-content\/uploads\/2019\/07\/paleukatze6-1.jpg","type":"image\/jpeg"}],"twitter_card":"summary_large_image","twitter_misc":{"Gesch\u00e4tzte Lesezeit":"3\u00a0Minuten"},"schema":{"@context":"https:\/\/schema.org","@graph":[{"@type":"WebPage","@id":"https:\/\/www.palpung.eu\/welfare\/faq\/","url":"https:\/\/www.palpung.eu\/welfare\/faq\/","name":"FAQ - Palpung Europe","isPartOf":{"@id":"https:\/\/www.palpung.eu\/welfare\/#website"},"primaryImageOfPage":{"@id":"https:\/\/www.palpung.eu\/welfare\/faq\/#primaryimage"},"image":{"@id":"https:\/\/www.palpung.eu\/welfare\/faq\/#primaryimage"},"thumbnailUrl":"https:\/\/www.palpung.eu\/welfare\/wp-content\/uploads\/2019\/08\/paleu-katze-300x219.jpg","datePublished":"2019-02-02T13:22:30+00:00","dateModified":"2021-06-18T11:07:54+00:00","breadcrumb":{"@id":"https:\/\/www.palpung.eu\/welfare\/faq\/#breadcrumb"},"inLanguage":"de","potentialAction":[{"@type":"ReadAction","target":["https:\/\/www.palpung.eu\/welfare\/faq\/"]}]},{"@type":"ImageObject","inLanguage":"de","@id":"https:\/\/www.palpung.eu\/welfare\/faq\/#primaryimage","url":"https:\/\/www.palpung.eu\/welfare\/wp-content\/uploads\/2019\/08\/paleu-katze.jpg","contentUrl":"https:\/\/www.palpung.eu\/welfare\/wp-content\/uploads\/2019\/08\/paleu-katze.jpg","width":750,"height":548},{"@type":"BreadcrumbList","@id":"https:\/\/www.palpung.eu\/welfare\/faq\/#breadcrumb","itemListElement":[{"@type":"ListItem","position":1,"name":"Startseite","item":"https:\/\/www.palpung.eu\/welfare\/"},{"@type":"ListItem","position":2,"name":"FAQ"}]},{"@type":"WebSite","@id":"https:\/\/www.palpung.eu\/welfare\/#website","url":"https:\/\/www.palpung.eu\/welfare\/","name":"Palpung Europe","description":"","publisher":{"@id":"https:\/\/www.palpung.eu\/welfare\/#organization"},"potentialAction":[{"@type":"SearchAction","target":{"@type":"EntryPoint","urlTemplate":"https:\/\/www.palpung.eu\/welfare\/?s={search_term_string}"},"query-input":{"@type":"PropertyValueSpecification","valueRequired":true,"valueName":"search_term_string"}}],"inLanguage":"de"},{"@type":"Organization","@id":"https:\/\/www.palpung.eu\/welfare\/#organization","name":"Palpung Europe","url":"https:\/\/www.palpung.eu\/welfare\/","logo":{"@type":"ImageObject","inLanguage":"de","@id":"https:\/\/www.palpung.eu\/welfare\/#\/schema\/logo\/image\/","url":"https:\/\/www.palpung.eu\/welfare\/wp-content\/uploads\/2019\/11\/Purkersdorf.jpg","contentUrl":"https:\/\/www.palpung.eu\/welfare\/wp-content\/uploads\/2019\/11\/Purkersdorf.jpg","width":600,"height":400,"caption":"Palpung Europe"},"image":{"@id":"https:\/\/www.palpung.eu\/welfare\/#\/schema\/logo\/image\/"},"sameAs":["https:\/\/www.facebook.com\/palpung.europe","https:\/\/www.instagram.com\/palpungeurope\/","https:\/\/www.youtube.com\/user\/PalpungEurope"]}]}},"_links":{"self":[{"href":"https:\/\/www.palpung.eu\/welfare\/wp-json\/wp\/v2\/pages\/327","targetHints":{"allow":["GET"]}}],"collection":[{"href":"https:\/\/www.palpung.eu\/welfare\/wp-json\/wp\/v2\/pages"}],"about":[{"href":"https:\/\/www.palpung.eu\/welfare\/wp-json\/wp\/v2\/types\/page"}],"author":[{"embeddable":true,"href":"https:\/\/www.palpung.eu\/welfare\/wp-json\/wp\/v2\/users\/3"}],"replies":[{"embeddable":true,"href":"https:\/\/www.palpung.eu\/welfare\/wp-json\/wp\/v2\/comments?post=327"}],"version-history":[{"count":51,"href":"https:\/\/www.palpung.eu\/welfare\/wp-json\/wp\/v2\/pages\/327\/revisions"}],"predecessor-version":[{"id":2278,"href":"https:\/\/www.palpung.eu\/welfare\/wp-json\/wp\/v2\/pages\/327\/revisions\/2278"}],"wp:attachment":[{"href":"https:\/\/www.palpung.eu\/welfare\/wp-json\/wp\/v2\/media?parent=327"}],"curies":[{"name":"wp","href":"https:\/\/api.w.org\/{rel}","templated":true}]}}