{"id":115,"date":"2019-01-09T17:25:55","date_gmt":"2019-01-09T16:25:55","guid":{"rendered":"https:\/\/www.hp-design.at\/welfare\/?page_id=115"},"modified":"2022-05-06T15:10:13","modified_gmt":"2022-05-06T13:10:13","slug":"ueber-uns","status":"publish","type":"page","link":"https:\/\/www.palpung.eu\/welfare\/ueber-uns\/","title":{"rendered":"\u00dcber uns"},"content":{"rendered":"\n<style type=\"text\/css\" data-created_by=\"avia_inline_auto\" id=\"style-css-av-btvvn-82641de39224df85ec0e6aeb49fe7cef\">\n#top .av-special-heading.av-btvvn-82641de39224df85ec0e6aeb49fe7cef{\npadding-bottom:10px;\n}\nbody .av-special-heading.av-btvvn-82641de39224df85ec0e6aeb49fe7cef .av-special-heading-tag .heading-char{\nfont-size:25px;\n}\n.av-special-heading.av-btvvn-82641de39224df85ec0e6aeb49fe7cef .av-subheading{\nfont-size:15px;\n}\n<\/style>\n<div  class='av-special-heading av-btvvn-82641de39224df85ec0e6aeb49fe7cef av-special-heading-h3  avia-builder-el-0  el_before_av_image  avia-builder-el-first  av-linked-heading'><h3 class='av-special-heading-tag '  itemprop=\"headline\"  >\u00dcber uns<\/h3><div class=\"special-heading-border\"><div class=\"special-heading-inner-border\"><\/div><\/div><\/div>\n\n<style type=\"text\/css\" data-created_by=\"avia_inline_auto\" id=\"style-css-av-jrgxsb1h-24655e0aa0ee2ce251886101d2769071\">\n.avia-image-container.av-jrgxsb1h-24655e0aa0ee2ce251886101d2769071 img.avia_image{\nbox-shadow:none;\n}\n.avia-image-container.av-jrgxsb1h-24655e0aa0ee2ce251886101d2769071 .av-image-caption-overlay-center{\ncolor:#ffffff;\n}\n<\/style>\n<div  class='avia-image-container av-jrgxsb1h-24655e0aa0ee2ce251886101d2769071 av-styling- avia-align-center  avia-builder-el-1  el_after_av_heading  el_before_av_textblock '   itemprop=\"image\" itemscope=\"itemscope\" itemtype=\"https:\/\/schema.org\/ImageObject\" ><div class=\"avia-image-container-inner\"><div class=\"avia-image-overlay-wrap\"><img decoding=\"async\" fetchpriority=\"high\" class='wp-image-2012 avia-img-lazy-loading-not-2012 avia_image ' src=\"https:\/\/www.palpung.eu\/welfare\/wp-content\/uploads\/2021\/03\/paleu-pew1.jpg\" alt='' title='paleu pew1'  height=\"452\" width=\"929\"  itemprop=\"thumbnailUrl\" srcset=\"https:\/\/www.palpung.eu\/welfare\/wp-content\/uploads\/2021\/03\/paleu-pew1.jpg 929w, https:\/\/www.palpung.eu\/welfare\/wp-content\/uploads\/2021\/03\/paleu-pew1-600x292.jpg 600w, https:\/\/www.palpung.eu\/welfare\/wp-content\/uploads\/2021\/03\/paleu-pew1-768x374.jpg 768w, https:\/\/www.palpung.eu\/welfare\/wp-content\/uploads\/2021\/03\/paleu-pew1-750x365.jpg 750w, https:\/\/www.palpung.eu\/welfare\/wp-content\/uploads\/2021\/03\/paleu-pew1-705x343.jpg 705w\" sizes=\"(max-width: 929px) 100vw, 929px\" \/><\/div><\/div><\/div>\n<section  class='av_textblock_section av-jqpeb5kf-0d8c2c68a9c914a89a68c786aa321038 '   itemscope=\"itemscope\" itemtype=\"https:\/\/schema.org\/CreativeWork\" ><div class='avia_textblock'  itemprop=\"text\" ><section class=\"av_textblock_section \">\n<div class=\"avia_textblock \">\n<p><strong>Palpung Europe Welfare<\/strong> ist jener Arm der gemeinn\u00fctzigen Aktivit\u00e4ten <strong>Palpung Europes<\/strong>, in dem wir unsere soziale Verantwortung aktiv im Dienst am N\u00e4chsten praktizieren.<\/p>\n<p>Nebst mehrerer kleinerer Unterfangen, in denen wir uns in lokalen Projekten punktuell direkt oder indirekt engagieren, gilt unser Hauptaugenmerk seit 2014 dem Bereich, in dem wir <strong>Tieren aus dem b\u00e4uerlichen Umfeld<\/strong> gem\u00e4\u00df der <strong>buddhistischen Tradition<\/strong> von <a href=\"https:\/\/www.palpung.eu\/unterstuetzung\/leben-freisetzen\/\"><strong>Leben erretten<\/strong> <\/a>und nachdem sie mit den Drei Juwelen in einer Zeremonie gesegnet wurden, eine Chance auf ein neues, ihnen gewohntes Leben in unserem <a href=\"https:\/\/www.palpung.eu\/uns-besuchen\/unsere-institute\/langschlag\/\"><strong>Klausurinstitut<\/strong><\/a> verschaffen, einen Lebensbereich, in dem sie ihren Lebensabend sorglos und umsorgt verbringen k\u00f6nnen, wie es ihnen beliebt.<\/p>\n<p>Das Projekt ist in unserem <strong>Klausur Institut<\/strong> beheimatet, <img loading=\"lazy\" decoding=\"async\" class=\"alignright size-thumbnail wp-image-2015\" src=\"https:\/\/www.palpung.eu\/welfare\/wp-content\/uploads\/2021\/03\/paleu-pew2-300x200.jpg\" alt=\"\" width=\"300\" height=\"200\" \/>eingebettet in ein b\u00e4uerliches Umfeld. Der generelle Umgang mit Tieren im Allgemeinen, nicht nur mit sogenannten &#8222;Nutztieren&#8220; ist kurz gesagt besch\u00e4mend. Katzen zum Beispiel sind ein l\u00e4stiges Nebenprodukt nicht erfolgter Kastrationen. Die Tiere werden auch nicht wirklich gef\u00fcttert, wenn, dann duldet man sie in den St\u00e4llen, solange sie M\u00e4use fangen. Sie sind meist v\u00f6llig verwildert, vollkommen auf sich selbst gestellt und haben oft b\u00f6sen Missbrauch durch Menschen erfahren. Manche Organisationen fangen solche Tiere ein und versuchen die Jungen zu resozialisieren und an Haushalte zu vermitteln.<\/p>\n<p><strong>\u00dcbrig bleiben die alten, verwahrlosten, verwilderten, dementen, beeintr\u00e4chtigten und behinderten Tiere \u00fcber, die keiner will. <\/strong><\/p>\n<p>Hier kommt <strong>unser Engagement zum Tragen<\/strong>. Wir \u00fcbernehmen unseren Kapazit\u00e4ten gem\u00e4\u00df solche alten Tiere und bieten ihnen einen ihnen bekannten Lebensstil an, ohne zu versuchen, aus ihnen Stubentiger zu machen: Sie haben ein <strong>warmes Katzenhaus<\/strong> entfernt vom Menschenhaus, streunen in der Gegend frei umher, sonnen sich faul auf ihrer Bank vor dem H\u00e4uschen, werden regelm\u00e4\u00dfig katzengem\u00e4ss <strong>gef\u00fcttert<\/strong>, <strong>medizinisch betreut<\/strong> und wenn sie von uns gegangen sind, von speziellen Gebeten begleitet. Wir geben ihnen einen umsorgten Ruhestand und oft auch ein Hospiz.<\/p>\n<p><img loading=\"lazy\" decoding=\"async\" class=\"size-medium wp-image-1160 alignleft\" src=\"https:\/\/www.palpung.eu\/welfare\/wp-content\/uploads\/2019\/08\/paleukatze10-300x201.jpg\" alt=\"\" width=\"300\" height=\"201\" srcset=\"https:\/\/www.palpung.eu\/welfare\/wp-content\/uploads\/2019\/08\/paleukatze10-300x201.jpg 300w, https:\/\/www.palpung.eu\/welfare\/wp-content\/uploads\/2019\/08\/paleukatze10-705x472.jpg 705w, https:\/\/www.palpung.eu\/welfare\/wp-content\/uploads\/2019\/08\/paleukatze10-450x301.jpg 450w, https:\/\/www.palpung.eu\/welfare\/wp-content\/uploads\/2019\/08\/paleukatze10.jpg 750w\" sizes=\"auto, (max-width: 300px) 100vw, 300px\" \/><\/p>\n<p>Manche n\u00e4hern sich uns zaghaft an, andere bleiben wild, aber alle ben\u00fctzen gerne ihr warm isoliertes H\u00e4uschen, in dem jeder zus\u00e4tzlich eine <strong>kuschelige Katzenh\u00f6hle<\/strong> hat &#8222;f\u00fcr ein bisschen Privatsph\u00e4re&#8220;. Das Rudel hat sich gut zusammen gelebt, obwohl sie aus den unterschiedlichsten Ecken und Situationen stammen und leben spielend, d\u00f6send und gem\u00fctlich als Kolonie.<\/p>\n<p>Derzeit lebt ein Rudel Katzen bei uns, ein weiteres wird im Sommer 2021 zu uns sto\u00dfen, f\u00fcr die wir dankbar Unters\u00fctzung (z.B. geldlich \u00fcber unseren <a href=\"https:\/\/www.palpung.eu\/unterstuetzung\/spenden\/\"><strong>Spenden Button<\/strong><\/a> rechts) annehmen.<\/p>\n<p><strong>Weitere unterschiedliche Tiere folgen nach, sobald wir Unterbringungsm\u00f6glichkeiten geschaffen haben werden. Wir laden sie herzlich dazu ein, uns bei der Errichtung dieser neuen Pl\u00e4tze zu helfen!<br \/>\n<\/strong><\/p>\n<\/div>\n<\/section>\n<\/div><\/section>\n","protected":false},"excerpt":{"rendered":"","protected":false},"author":3,"featured_media":0,"parent":0,"menu_order":15,"comment_status":"closed","ping_status":"closed","template":"","meta":{"footnotes":""},"class_list":["post-115","page","type-page","status-publish","hentry"],"yoast_head":"<!-- This site is optimized with the Yoast SEO plugin v24.2 - https:\/\/yoast.com\/wordpress\/plugins\/seo\/ -->\n<title>\u00dcber uns - Palpung Europe<\/title>\n<meta name=\"robots\" content=\"index, follow, max-snippet:-1, max-image-preview:large, max-video-preview:-1\" \/>\n<link rel=\"canonical\" href=\"https:\/\/www.palpung.eu\/welfare\/ueber-uns\/\" \/>\n<meta property=\"og:locale\" content=\"de_DE\" \/>\n<meta property=\"og:type\" content=\"article\" \/>\n<meta property=\"og:title\" content=\"\u00dcber uns - Palpung Europe\" \/>\n<meta property=\"og:url\" content=\"https:\/\/www.palpung.eu\/welfare\/ueber-uns\/\" \/>\n<meta property=\"og:site_name\" content=\"Palpung Europe\" \/>\n<meta property=\"article:publisher\" content=\"https:\/\/www.facebook.com\/palpung.europe\" \/>\n<meta property=\"article:modified_time\" content=\"2022-05-06T13:10:13+00:00\" \/>\n<meta property=\"og:image\" content=\"https:\/\/www.palpung.eu\/welfare\/wp-content\/uploads\/2019\/08\/paleu-katze-20-c.jpg\" \/>\n\t<meta property=\"og:image:width\" content=\"750\" \/>\n\t<meta property=\"og:image:height\" content=\"502\" \/>\n\t<meta property=\"og:image:type\" content=\"image\/jpeg\" \/>\n<meta name=\"twitter:card\" content=\"summary_large_image\" \/>\n<meta name=\"twitter:label1\" content=\"Gesch\u00e4tzte Lesezeit\" \/>\n\t<meta name=\"twitter:data1\" content=\"3\u00a0Minuten\" \/>\n<script type=\"application\/ld+json\" class=\"yoast-schema-graph\">{\"@context\":\"https:\/\/schema.org\",\"@graph\":[{\"@type\":\"WebPage\",\"@id\":\"https:\/\/www.palpung.eu\/welfare\/ueber-uns\/\",\"url\":\"https:\/\/www.palpung.eu\/welfare\/ueber-uns\/\",\"name\":\"\u00dcber uns - Palpung Europe\",\"isPartOf\":{\"@id\":\"https:\/\/www.palpung.eu\/welfare\/#website\"},\"primaryImageOfPage\":{\"@id\":\"https:\/\/www.palpung.eu\/welfare\/ueber-uns\/#primaryimage\"},\"image\":{\"@id\":\"https:\/\/www.palpung.eu\/welfare\/ueber-uns\/#primaryimage\"},\"thumbnailUrl\":\"https:\/\/www.palpung.eu\/welfare\/wp-content\/uploads\/2021\/03\/paleu-pew2-300x200.jpg\",\"datePublished\":\"2019-01-09T16:25:55+00:00\",\"dateModified\":\"2022-05-06T13:10:13+00:00\",\"breadcrumb\":{\"@id\":\"https:\/\/www.palpung.eu\/welfare\/ueber-uns\/#breadcrumb\"},\"inLanguage\":\"de\",\"potentialAction\":[{\"@type\":\"ReadAction\",\"target\":[\"https:\/\/www.palpung.eu\/welfare\/ueber-uns\/\"]}]},{\"@type\":\"ImageObject\",\"inLanguage\":\"de\",\"@id\":\"https:\/\/www.palpung.eu\/welfare\/ueber-uns\/#primaryimage\",\"url\":\"https:\/\/www.palpung.eu\/welfare\/wp-content\/uploads\/2021\/03\/paleu-pew2.jpg\",\"contentUrl\":\"https:\/\/www.palpung.eu\/welfare\/wp-content\/uploads\/2021\/03\/paleu-pew2.jpg\",\"width\":929,\"height\":452},{\"@type\":\"BreadcrumbList\",\"@id\":\"https:\/\/www.palpung.eu\/welfare\/ueber-uns\/#breadcrumb\",\"itemListElement\":[{\"@type\":\"ListItem\",\"position\":1,\"name\":\"Startseite\",\"item\":\"https:\/\/www.palpung.eu\/welfare\/\"},{\"@type\":\"ListItem\",\"position\":2,\"name\":\"\u00dcber uns\"}]},{\"@type\":\"WebSite\",\"@id\":\"https:\/\/www.palpung.eu\/welfare\/#website\",\"url\":\"https:\/\/www.palpung.eu\/welfare\/\",\"name\":\"Palpung Europe\",\"description\":\"\",\"publisher\":{\"@id\":\"https:\/\/www.palpung.eu\/welfare\/#organization\"},\"potentialAction\":[{\"@type\":\"SearchAction\",\"target\":{\"@type\":\"EntryPoint\",\"urlTemplate\":\"https:\/\/www.palpung.eu\/welfare\/?s={search_term_string}\"},\"query-input\":{\"@type\":\"PropertyValueSpecification\",\"valueRequired\":true,\"valueName\":\"search_term_string\"}}],\"inLanguage\":\"de\"},{\"@type\":\"Organization\",\"@id\":\"https:\/\/www.palpung.eu\/welfare\/#organization\",\"name\":\"Palpung Europe\",\"url\":\"https:\/\/www.palpung.eu\/welfare\/\",\"logo\":{\"@type\":\"ImageObject\",\"inLanguage\":\"de\",\"@id\":\"https:\/\/www.palpung.eu\/welfare\/#\/schema\/logo\/image\/\",\"url\":\"https:\/\/www.palpung.eu\/welfare\/wp-content\/uploads\/2019\/11\/Purkersdorf.jpg\",\"contentUrl\":\"https:\/\/www.palpung.eu\/welfare\/wp-content\/uploads\/2019\/11\/Purkersdorf.jpg\",\"width\":600,\"height\":400,\"caption\":\"Palpung Europe\"},\"image\":{\"@id\":\"https:\/\/www.palpung.eu\/welfare\/#\/schema\/logo\/image\/\"},\"sameAs\":[\"https:\/\/www.facebook.com\/palpung.europe\",\"https:\/\/www.instagram.com\/palpungeurope\/\",\"https:\/\/www.youtube.com\/user\/PalpungEurope\"]}]}<\/script>\n<!-- \/ Yoast SEO plugin. -->","yoast_head_json":{"title":"\u00dcber uns - Palpung Europe","robots":{"index":"index","follow":"follow","max-snippet":"max-snippet:-1","max-image-preview":"max-image-preview:large","max-video-preview":"max-video-preview:-1"},"canonical":"https:\/\/www.palpung.eu\/welfare\/ueber-uns\/","og_locale":"de_DE","og_type":"article","og_title":"\u00dcber uns - Palpung Europe","og_url":"https:\/\/www.palpung.eu\/welfare\/ueber-uns\/","og_site_name":"Palpung Europe","article_publisher":"https:\/\/www.facebook.com\/palpung.europe","article_modified_time":"2022-05-06T13:10:13+00:00","og_image":[{"width":750,"height":502,"url":"https:\/\/www.palpung.eu\/welfare\/wp-content\/uploads\/2019\/08\/paleu-katze-20-c.jpg","type":"image\/jpeg"}],"twitter_card":"summary_large_image","twitter_misc":{"Gesch\u00e4tzte Lesezeit":"3\u00a0Minuten"},"schema":{"@context":"https:\/\/schema.org","@graph":[{"@type":"WebPage","@id":"https:\/\/www.palpung.eu\/welfare\/ueber-uns\/","url":"https:\/\/www.palpung.eu\/welfare\/ueber-uns\/","name":"\u00dcber uns - Palpung Europe","isPartOf":{"@id":"https:\/\/www.palpung.eu\/welfare\/#website"},"primaryImageOfPage":{"@id":"https:\/\/www.palpung.eu\/welfare\/ueber-uns\/#primaryimage"},"image":{"@id":"https:\/\/www.palpung.eu\/welfare\/ueber-uns\/#primaryimage"},"thumbnailUrl":"https:\/\/www.palpung.eu\/welfare\/wp-content\/uploads\/2021\/03\/paleu-pew2-300x200.jpg","datePublished":"2019-01-09T16:25:55+00:00","dateModified":"2022-05-06T13:10:13+00:00","breadcrumb":{"@id":"https:\/\/www.palpung.eu\/welfare\/ueber-uns\/#breadcrumb"},"inLanguage":"de","potentialAction":[{"@type":"ReadAction","target":["https:\/\/www.palpung.eu\/welfare\/ueber-uns\/"]}]},{"@type":"ImageObject","inLanguage":"de","@id":"https:\/\/www.palpung.eu\/welfare\/ueber-uns\/#primaryimage","url":"https:\/\/www.palpung.eu\/welfare\/wp-content\/uploads\/2021\/03\/paleu-pew2.jpg","contentUrl":"https:\/\/www.palpung.eu\/welfare\/wp-content\/uploads\/2021\/03\/paleu-pew2.jpg","width":929,"height":452},{"@type":"BreadcrumbList","@id":"https:\/\/www.palpung.eu\/welfare\/ueber-uns\/#breadcrumb","itemListElement":[{"@type":"ListItem","position":1,"name":"Startseite","item":"https:\/\/www.palpung.eu\/welfare\/"},{"@type":"ListItem","position":2,"name":"\u00dcber uns"}]},{"@type":"WebSite","@id":"https:\/\/www.palpung.eu\/welfare\/#website","url":"https:\/\/www.palpung.eu\/welfare\/","name":"Palpung Europe","description":"","publisher":{"@id":"https:\/\/www.palpung.eu\/welfare\/#organization"},"potentialAction":[{"@type":"SearchAction","target":{"@type":"EntryPoint","urlTemplate":"https:\/\/www.palpung.eu\/welfare\/?s={search_term_string}"},"query-input":{"@type":"PropertyValueSpecification","valueRequired":true,"valueName":"search_term_string"}}],"inLanguage":"de"},{"@type":"Organization","@id":"https:\/\/www.palpung.eu\/welfare\/#organization","name":"Palpung Europe","url":"https:\/\/www.palpung.eu\/welfare\/","logo":{"@type":"ImageObject","inLanguage":"de","@id":"https:\/\/www.palpung.eu\/welfare\/#\/schema\/logo\/image\/","url":"https:\/\/www.palpung.eu\/welfare\/wp-content\/uploads\/2019\/11\/Purkersdorf.jpg","contentUrl":"https:\/\/www.palpung.eu\/welfare\/wp-content\/uploads\/2019\/11\/Purkersdorf.jpg","width":600,"height":400,"caption":"Palpung Europe"},"image":{"@id":"https:\/\/www.palpung.eu\/welfare\/#\/schema\/logo\/image\/"},"sameAs":["https:\/\/www.facebook.com\/palpung.europe","https:\/\/www.instagram.com\/palpungeurope\/","https:\/\/www.youtube.com\/user\/PalpungEurope"]}]}},"_links":{"self":[{"href":"https:\/\/www.palpung.eu\/welfare\/wp-json\/wp\/v2\/pages\/115","targetHints":{"allow":["GET"]}}],"collection":[{"href":"https:\/\/www.palpung.eu\/welfare\/wp-json\/wp\/v2\/pages"}],"about":[{"href":"https:\/\/www.palpung.eu\/welfare\/wp-json\/wp\/v2\/types\/page"}],"author":[{"embeddable":true,"href":"https:\/\/www.palpung.eu\/welfare\/wp-json\/wp\/v2\/users\/3"}],"replies":[{"embeddable":true,"href":"https:\/\/www.palpung.eu\/welfare\/wp-json\/wp\/v2\/comments?post=115"}],"version-history":[{"count":28,"href":"https:\/\/www.palpung.eu\/welfare\/wp-json\/wp\/v2\/pages\/115\/revisions"}],"predecessor-version":[{"id":2432,"href":"https:\/\/www.palpung.eu\/welfare\/wp-json\/wp\/v2\/pages\/115\/revisions\/2432"}],"wp:attachment":[{"href":"https:\/\/www.palpung.eu\/welfare\/wp-json\/wp\/v2\/media?parent=115"}],"curies":[{"name":"wp","href":"https:\/\/api.w.org\/{rel}","templated":true}]}}